o base 14.
35cb20
4310556 (base 9) to base 11
1338535
162024 (base 10) to base 11
100805
537825 (base 11) to base 15
11e9e5
Convert 108105 (base 9) to base 16.
fdc7
What is -2233231333 (base 4) in base 5?
-141012433
-201155065 (base 7) to base 4
-230203002001
a71ac (base 15) to base 11
332437
What is 1d46b (base 16) in base 8?
352153
Convert -138364 (base 9) to base 6.
-1452521
Convert 2cb660 (base 16) to base 6.
142450024
Convert -21032330110 (base 4) to base 6.
-123514004
Convert -491919 (base 10) to base 4.
-1320012033
-24143456 (base 7) to base 5
-1022122414
What is -13f89d (base 16) in base 8?
-4774235
Convert -11010101001100000 (base 2) to base 10.
-109152
What is 332030120 (base 5) in base 2?
101011111011010110010
-5a335c (base 13) to base 10
-2149250
-7011525 (base 10) to base 4
-122233303011
-14c4d4 (base 15) to base 11
-625a1a
What is b8b0c (base 14) in base 10?
446696
What is -73483 (base 9) in base 5?
-3023023
Convert ecd7 (base 15) to base 5.
3101102
Convert -24401a (base 11) to base 9.
-647451
-51591 (base 14) to base 2
-101111110101011011
Convert -2791980 (base 10) to base 7.
-32505612
Convert 10042301443 (base 5) to base 16.
9a6756
What is 340024414 (base 6) in base 11?
3529832
What is 1ab6e (base 15) in base 4?
111032222
What is -112110033 (base 4) in base 13?
-327b4
-12332013000 (base 4) to base 13
-4bc92a
What is 105850 (base 9) in base 13?
22b0c
135420253 (base 6) to base 8
12502311
What is 5b191b (base 13) in base 3?
11002110200112
Convert 1202563 (base 8) to base 10.
329075
What is -b89ee (base 15) in base 14?
-113860
Convert 573c2 (base 13) to base 15.
320ee
4717762 (base 8) to base 10
1286130
2111210313 (base 4) to base 15
c17e3
20233113300 (base 4) to base 11
1325445
Convert -4580363 (base 9) to base 13.
-687cb1
-686823 (base 10) to base 12
-291573
Convert -1131025 (base 11) to base 8.
-7427045
Convert 32214304 (base 5) to base 14.
71739
What is bd024 (base 14) in base 16?
6fe28
What is -1121111222210 (base 3) in base 12?
-353849
What is -57410 (base 13) in base 2?
-100110110010011001
432421411 (base 5) to base 3
10110120220011
-2211022110122 (base 3) to base 15
-1ea0db
Convert -1142033 (base 5) to base 14.
-7bb0
Convert -2551331 (base 6) to base 16.
-21f07
211204024 (base 5) to base 4
3113101210
Convert 130564 (base 10) to base 13.
47575
320654 (base 10) to base 12
135692
What is 41002155 (base 6) in base 7?
12630023
What is 4450002 (base 7) in base 4?
2012033013
What is 338415 (base 9) in base 6?
4203452
-743557 (base 9) to base 3
-211110121221
Convert 229187 (base 12) to base 6.
15521051
-16356cc (base 13) to base 7
-114536346
Convert b883ca (base 13) to base 14.
80a4a4
What is -22107366 (base 8) in base 5?
-2204131230
-45cd7 (base 14) to base 10
-169925
2020023210 (base 4) to base 8
2101344
What is -245215543 (base 6) in base 10?
-4730391
12924 (base 14) to base 4
23022010
What is 12011210101 (base 3) in base 4?
120320110
Convert -17b1b (base 16) to base 6.
-2025151
Convert -102022000202 (base 3) to base 4.
-312102131
Convert -34014050 (base 6) to base 7.
-11512620
What is 95019 (base 11) in base 2?
100001110011001100
What is -121101122112211 (base 3) in base 8?
-41170747
Convert 175ba3 (base 16) to base 9.
2782754
What is 574531 (base 8) in base 7?
1441144
-2413375 (base 11) to base 8
-20027505
-36331 (base 10) to base 6
-440111
Convert 201221211202 (base 3) to base 9.
657752
Convert -52400 (base 13) to base 15.
-2dc35
-24531466 (base 7) to base 3
-11011020212121
What is 133502641 (base 7) in base 4?
201011202031
-250274 (base 14) to base 3
-2101102200012
What is -412684 (base 11) in base 15?
-d13a0
Convert -135169 (base 15) to base 13.
-2667a2
-5294 (base 11) to base 16
-1b58
What is e9248 (base 15) in base 16?
b493b
-89101 (base 16) to base 9
-1045087
Convert 13485c (base 13) to base 12.
1a6449
10000010111110100011101 (base 2) to base 6
231553433
17712 (base 13) to base 5
2421023
Convert 401704 (base 9) to base 5.
30044441
21121100022 (base 3) to base 7
1162301
-1170a3 (base 11) to base 13
-66352
-2012000012010 (base 3) to base 5
-244131220
Convert 93457 (base 12) to base 5.
22124301
1021122233 (base 4) to base 10
300719
What is -56851 (base 9) in base 7?
-215263
Convert -101011100101010010110 (base 2) to base 8.
-5345226
a725c (base 13) to base 6
10243220
9740264 (base 10) to base 13
2030591
-4202220 (base 6) to base 9
-338033
What is 144844 (base 9) in base 4?
111231001
3006b1 (base 12) to base 3
1101222100221
What is -4aa58 (base 12) in base 11?
-6a484
Convert 322401103 (base 5) to base 9.
2521055
Convert -232441332 (base 5) to base 9.
-1887822
What is 227092 (base 15) in base 6?
55122002
Convert 812aa9 (base 13) to base 4.
23131223020
Convert 20044443 (base 6) to base 9.
1052470
What is 122030 (base 11) in base 7?
1432523
What is -121130020 (base 4) in base 7?
-612535
120102122000 (base 3) to base 5
34204343
-39770 (base 12) to base 6
-1405020
What is -118a40 (base 11) in base 16?
-2dcca
Convert -1135221 (base 6) to base 12.
-2a511
105005030 (base 6) to base 12
783776
-232216 (base 10) to base 4
-320230120
What is -10686478 (base 10) in base 12?
-36b437a
What is -38811 (base 10) in base 12?
-1a563
-4102251 (base 6) to base 4
-233211313
What is c7e1c (base 15) in base 7?
5251164
3504443 (base 10) to base 8
15274473
Convert 96625 (base 14) to base 2.
1011000101110011001
-2560 (base 16) to base 12
-5654
-514102 (base 7) to base 4
-111130303
What is -837463 (base 9) in base 3?
-221021112010
33436 (base 11) to base 15
e544
1010011110010101000 (base 2) to base 13
c02a8
Convert 597070 (base 10) to base 11.
378651
-520044 (base 6) to base 4
-22020130
Convert 4503410 (base 7) to base 5.
120241423
-4817635 (base 10) to base 3
-100001202112221
-101221221221100 (base 3) to base 13
-128c6a3
Convert -46570 (base 10) to base 15.
-dbea
What is 164023 (base 9) in base 12?
4a7a0
Convert 1062131 (base 11) to base 2.
111000110101001010000
Convert 124045 (base 9) to base 2.
10010010101111000
Convert 91267 (base 11) to base 13.
48959
Convert 285b3 (base 14) to base 3.
12002001210
256840 (base 10) to base 5
31204330
-249c0 (base 13) to base 3
-10102201020
-4710317 (base 9) to base 16
-26d907
Convert 1240512022 (base 6) to base 15.
14351ce
-2311202331 (base 4) to base 7
-6214653
-31034011 (base 5) to base 16
-3d9dd
341150 (base 11) to base 8
2044770
Convert -2511222 (base 8) to base 10.
-692882
What is -5a200a (base 13) in base 15?
-2c5ed9
What is 1815520 (base 10) in base 8?
6731740
What is -517b0 (base 13) in base 16?
-23b98
What is 52110536 (base 7) in base 13?
ba1298
What is -1134155043 (base 6) in base 10?
-12799107
Convert -1a135 (base 12) to base 2.
-1001010100111001
What is 5a57d4 (base 15) in base 4?
100133013232
What is 3477405 (base 9) in base 5?
440210003
141ba14 (base 12) to base 8
17260360
Convert 1010110110110000110 (base 2) to base 14.
938c6
-1435290 (base 14) to base 12
-3351326
What is -1111101011010 (base 2) in base 16?
-1f5a
What is c80af5 (base 16) in base 5?
11324010010
What is -109bc4 (base 13) in base 6?
-12231501
Convert -54652 (base 12) to base 10.
-111518
Convert -2436538 (base 9) to base 7.
-14151551
What is 1302432014 (base 5) in base 4?
30012021010
What is -334552 (base 6) in base 10?
-28292
What is 20842c (base 13) in base 11?
47a726
What is -17b20 (base 15) in base 3?
-10220021210
Convert 13127519 (base 10) to base 7.
216403436
Convert 342201 (base 10) to base 12.
146049
What is 25605625 (base 7) in base 15?
312c01
What is 132102011302 (base 4) in base 14?
10a901c
What is 52713 (base 9) in base 11?
241a5
Convert -102210200012 (base 3) to base 16.
-38b79
-542e (base 16) to base 6
-243434
1a1a3c (base 16) to base 11
a69269
What is -48525 (base 10) in base 2?
-1011110110001101
b179 (base 12) to base 4
10230231
1a5b5a4 (base 12) to base 2
10101010110101010001100
-545625 (base 8) to base 9
-308253
What is -c0627a (base 13) in base 11?
-2582802
What is 7ce2c (base 16) in base 15?
a1872
21212222120 (base 3) to base 13
55896
32429 (base 15) to base 5
20101224
Convert 2c75a (base 15) to base 16.
23032
Convert 2110144411 (base 5) to base 9.
8216824
215729 (base 13) to base 4
2333033312
-3362560 (base 7) to base 13
-1187a4
What is -27801138 (base 9) in base 6?
-1210524142
What is -411401 (base 8) in base 1